2. Determine z(m).
-2
Let j = -13 - -17. Let n(b) = 0*b - 8 - 3*b - 2*b + 6*b. Give n(j).
-4
Let q(j) = -j**3 - j**2 - 4*j - 3. Let k(p) = -p**2 + 12*p - 7. Let c be k(11). Suppose -3*a + c*d = -a - 12, -5*a = -3*d - 2. Determine q(a).
9
Let j(b) be the third derivative of b**4/12 + b**3/2 + 14*b**2. Give j(-6).
-9
Let z(j) = j**3 + 7*j**2 + 7*j - 6. Suppose -4*o = 19 + 5. Give z(o).
-12
Let i(f) = f**2 + 10*f - 7. Let h be i(-11). Let m(g) = -3*g**2 + g**2 + 1 - 2 - 4 + 7*g. Give m(h).
-9
Let r(z) = 3*z**2 - 8*z + 1. Let t(l) = 10*l**2 - 25*l + 2. Let c(s) = 7*r(s) - 2*t(s). Calculate c(6).
3
Let h(i) = -2*i + i**3 + 1 + i - 6*i**2 + 7*i. Calculate h(5).
6
Suppose -2*x = -k - 8, -4*k + 17 = -8*k + 5*x. Let c be (4*-1)/(k/(-3)). Suppose c*a - 2*t = a + 22, 17 = 3*a - 5*t. Let j(m) = 3*m - 6. What is j(a)?
6
Suppose h = 4*a - 27 + 4, 0 = 3*h - 5*a + 62. Let f = -12 - h. Suppose 4*w + f = -5. Let m(g) = g**2 + 3*g. Give m(w).
0
Let z be 3 + 35/(-15) - 26/(-6). Let c(y) = -y**3 + 5*y**2 - y + 1. What is c(z)?
-4
Let k be (1 + -2 - -1) + 5. Suppose k*u - 5 = 5. Let h(r) = u*r + 0*r - 7 + 0*r. Give h(5).
3
Let g(s) = 3*s + 0*s - 4*s. Let u be g(-2). Let o(z) = u*z - z - 2*z. What is o(-3)?
3
Let o(u) = u**3 + u**2 - u + 5. Suppose 2*k + 0*k = t + 21, 5*k + 2*t = 57. Let q = -5 + k. Let i = q - 6. Give o(i).
5
Let v = 4 + -2. Let q = 2 - v. Let u(f) = q + 2 - 3*f + 0*f. What is u(-2)?
8
Let q(j) = j + 1. Let u be q(9). Let b(g) = 10*g - 1 + u*g**2 - 10*g. Calculate b(1).
9
Let x = -11 + 7. Let r = x + -1. Let p(f) = -4 - 4 + 2 - f. Give p(r).
-1
Let k(h) = h**3 - 6*h**2 + 5*h - 5. Let g(l) = -l**3 - l**2 + l + 1. Suppose -4*a + 5*a + 1 = 0. Let v be g(a). Let s be 4*(1 + v) + 1. Calculate k(s).
-5
Suppose -3*l - 2*g + 7 = 0, -4*l = -4*g - 10 - 6. Let v(n) = 6*n - 4*n + l - 2 - 4. Calculate v(3).
3
Let w(m) = 33*m**2 - m - 7*m**3 - 33*m**2. Let b(q) = q + 3. Let j = -7 + 3. Let r be b(j). Calculate w(r).
8
Let u be (-84)/(-18)*(-6)/(-4). Let w(l) = l**3 - 8*l**2 + 5*l + 8. Calculate w(u).
-6
Let s(w) = 4*w**2 - w - 1. Let r be (-3)/((-2 - -3)/(-1)). Suppose n = r*u - 0*n + 3, 0 = 5*u + 2*n + 5. Give s(u).
4
Let c(d) be the third derivative of 1/24*d**4 + 0*d - 5*d**2 + 1/3*d**3 + 0. What is c(4)?
6
Let b be (-5)/(-10)*(1 + -1). Let y(k) = 3 + b + 0*k - 4 + 3*k. Determine y(3).
8
Let s be ((-60)/(-10))/(1/(-1)). Let u = -5 - s. Let w(n) = -6*n - 1. Calculate w(u).
-7
Let l be 4*3/2*(3 + -2). Let r(o) = -o + 4. What is r(l)?
-2
Let f(j) be the second derivative of 0 + 1/6*j**3 - j**2 + 4*j. Determine f(3).
1
Let o(c) = c - 3. Let v(h) = -h + 4. Let n(d) be the third derivative of d**4/12 + 5*d**3/6 + d**2. Let u be n(-5). Let p(w) = u*v(w) - 6*o(w). Determine p(-6).
4
Let c(a) = -2*a + 5. Let l be c(5). Let v(j) = j + 12. Let b be v(l). Let x(p) = -p**3 + 8*p**2 - 5*p - 8. Calculate x(b).
6
Let q(v) = -3*v**2 - 2*v - 1. Suppose -y + 3*y = -8. Let n = -5 - y. Calculate q(n).
-2
Let u(t) = -2*t**3 - 2*t**2 + t. Suppose 2*s - 3 = 13. Let b = -1 - 1. Let r be ((-1)/4)/(b/s). Determine u(r).
-3
Let q = 3 + -1. Suppose -5 = -3*c + 1. Let f(b) = 3*b + c + 5*b - 6*b. Determine f(q).
6
Let c(o) be the second derivative of o**4/4 - o**3/3 - 3*o**2/2 - 3*o. Let m(f) = -5*f**2 + 4*f + 6. Let w(l) = -7*c(l) - 4*m(l). Determine w(-2).
-3
Let t(x) be the third derivative of -x**4/8 + 5*x**3/6 + 11*x**2. What is t(4)?
-7
Let t(j) be the second derivative of -j**5/20 - j**4/3 - j**3/3 + 3*j**2/2 + 2*j. Let q(s) = s - 8. Let i be q(4). What is t(i)?
11
Let w(l) = 0 + 3*l + 1 - l. Suppose 0 = j + 2*v + 3 - 1, 4*v + 2 = -3*j. Suppose 3*r + 2*n - 14 = 0, 16 = 2*n + j*n. Determine w(r).
5
Let x be 0 - 3 - (-4 + -1). Let a(n) = -n**2 - n**2 - 7*n + 0*n**x - 5 + 0*n**2. Suppose l - 3*t = -13, 3*t + 8 = -5*l - t. Calculate a(l).
-9
Let m(d) = d**2 + 5*d + 6. Let o(j) = 8*j**2 - 2*j + 1. Suppose -15 = -5*l, 5*f - 4 = -l + 4. Let z be o(f). Let p = -11 + z. Determine m(p).
2
Let x be (1 - -2)*-3 - (-12 - -8). Let t = 11 + -7. Let c(j) = -4 - t*j + 0 + 3*j. Calculate c(x).
1
Suppose -v = 3*v - 12. Let a(c) = c**v + 4*c + 3 - 1 - 3*c - 7*c**2. Determine a(7).
9
Let a(t) = 3*t + 3 - 2 - 3*t + t. What is a(-6)?
-5
Let v(r) = -2*r**2 - 3*r - 2. Let p(d) be the first derivative of 2*d**3/3 + 3*d**2/2 + 2*d + 2. Let a(i) = -3*p(i) - 4*v(i). What is a(-2)?
4
Let v(n) = -n. Let u(r) = -3*r. Let k(t) = 3*u(t) - 5*v(t). Determine k(3).
-12
Let q(k) = -k**2 + k + 5. Let t = -53 + 57. Determine q(t).
-7
Let a(r) = -4*r - r + 3*r + 6*r + 1. Calculate a(-1).
-3
Let y(q) = -2*q**2 + 50*q - 5. Let p be y(25). Suppose 0 = -5*l + 6*l. Let m(j) = j**2 + 6*j + l + 0 - 1. Calculate m(p).
-6
Let g = 21 - 18. Let n(z) = -2*z + 3*z - g*z + 3*z. Give n(-5).
-5
Let c(k) = k**3 + k**2. Suppose -2*f = -7*f. Let d = f + -2. Calculate c(d).
-4
Let g(u) = 27*u + 12. Let s(h) = 11*h + 5. Suppose q + 2 - 8 = 0. Let t = q + -1. Let p(m) = t*g(m) - 12*s(m). Give p(-1).
-3
Let k(n) = n**3 + 2*n**2 + 2. Let l(v) = -2*v**3 - 2*v**2 - 2. Let m(t) = -3*k(t) - 2*l(t). Determine m(2).
-2
Let m(a) = a**3 - 6*a**2 + 4*a + 1. Suppose 0 + 8 = 4*u. Let s be (u/3)/((-5)/(-30)). What is m(s)?
-15
Let z(o) = 0*o + o + 0*o. Let d(a) = 2*a**3 - 3*a**2 + a - 2. Let c be d(2). Suppose 3*v + 4*g + 3 = 12, -c*g = 0. What is z(v)?
3
Let d(v) = v - 13. Let p(b) = 2*b**2 - 6*b + 1. Let f be p(4). Let g be d(f). Let i(t) = 2*t - 3. Determine i(g).
-11
Let m(p) = p**2 + 4*p. Let g be m(-4). Suppose g = u - 6*u. Suppose u = -n + 6*n - k - 5, 2*n = -k + 2. Let v(q) = -3*q**2 + 1. Determine v(n).
-2
Let f(s) be the first derivative of -3 + 5/2*s**2 + 1/4*s**4 + 7*s - 2*s**3. Give f(5).
7
Let h(k) = 8*k - 9. Let i(c) = c**2 - c + 1. Let m(f) = -h(f) - 2*i(f). What is m(-5)?
-13
Let n(x) be the first derivative of -2*x**3/3 - 7*x**2/2 - 6*x + 10. Let b = -4 - -32. Suppose -3*d + 4*z = d, 2*d + 5*z + b = 0. What is n(d)?
-10
Let c(a) = -a - 1. Let o(s) = 2*s + 7. Let l(t) = -6*c(t) - o(t). Give l(1).
3
Let j(c) = -c**2 - 8*c - 12. Let g be j(-3). Let r(x) be the second derivative of 5/12*x**4 - g*x - 1/20*x**5 - 5/6*x**3 - 1/2*x**2 + 0. Give r(4).
-5
Let a be 4/6 + (-14)/(-6). Let o(z) = z**2 - 5*z - 2. What is o(a)?
-8
Let i(y) = y**2 - 5*y - 4. Suppose -4*v - 2*o = -20, -2*v - 4*o + 1 = -3. Let l be i(v). Suppose -l*d = -4 - 0. Let q(n) = 4*n**2 - 2*n - 2. Give q(d).
10
Suppose 0 = 8*d - 4*d - 4. Let p(o) = -d + o - 5*o + o. What is p(-2)?
5
Let q = -13 - -6. Let s(z) = z**3 + 7*z**2 - 8. What is s(q)?
-8
Let l(k) = -6*k**2. Let r be l(1). Let b(c) = 4*c**2 - 3*c - 6. Let v(t) = 3*t**2 - 4*t - 6. Let a(w) = 4*b(w) - 5*v(w). Determine a(r).
-6
Suppose -p = -3*p + 12. Let k be 1/(-2) + 33/p. Let w(u) = u - 7. Determine w(k).
-2
Let o(z) = z**3 - z**2 + 4. Let b(s) = 2*s - 4. Let q be b(2). Suppose n = -q*n. Give o(n).
4
Let m be 3 - (-2 + (2 - 2)). Let x(v) = 60 - 60 - m*v. Determine x(2).
-10
Let n(d) = -19*d**2 - 5*d + 11. Let p(h) = -10*h**2 - 2*h + 5. Let s(k) = 4*n(k) - 9*p(k). Let r be (-30)/26 - (-4)/26. What is s(r)?
15
Let m(v) be the second derivative of -v**3/6 - v**2/2 - v. Let l be m(4). Let z(w) = 2 - 1 + 0 - w**2 - 7 - 8*w. What is z(l)?
9
Let d(s) = s**2 + 4*s - 5. Suppose -18 = 106*p - 103*p. Give d(p).
7
Let m(f) = 2*f**2 - 15*f - 17. Let t(o) = -o**2 + 7*o + 8. Let z(b) = 3*m(b) + 7*t(b). Give z(4).
5
Let z be (-5 + 2)*3/(-9). Let w(p) = -4*p**2 - 3*p. Let u(o) = -3*o**2 - 4*o. Let j(x) = 4*u(x) - 5*w(x). Determine j(z).
7
Suppose -i - y = 3*i + 25, 0 = -2*y - 10. Suppose 9*f = 4*f. Let a(m) = -m + m + m + f. What is a(i)?
-5
Let z(n) be the third derivative of n**6/120 + n**5/10 + n**4/4 - n**3/2 + 4*n**2 - 5. Calculate z(-5).
-8
Let o(c) = 3*c**3 - 7*c - 4*c**3 - 2*c**2 + 9*c**2 - 2. Calculate o(6).
-8
Let o(w) = 10*w**2 + w + 1. Let d be o(-1). Suppose d = -2*v + 7*v. Let a(m) = -m**2 - 6 + 2*m**2 + 2 - v*m**2 + 4*m. What is a(4)?
-4
Let j(p) = p**3 - 3*p**2 - 5*p - 3. Suppose -18*v + 15*v + 12 = 0. What is j(v)?
-7
Let o(x) = -x**3 - 14*x**2 - 12*x + 16. Let d be o(-13). Let r(u) be the second derivative of 0 + 3/2*u**2 - 1/6*u**d + u. Determine r(4).
-1
Let n(l) be the third derivative of -l**4/6 - l**3/3 - 21*l**2. Calculate n(-2).
6
Let b(v) = -6*v**2 - 1 - 5*v + 7*v - 12*v**2. Give b(1).
-17
Let d(b) be the first 